n base 5, what is -12 + 201042?
201030
In base 3, what is -120010020 - 22?
-120010112
In base 4, what is -10 - -210233?
210223
In base 8, what is 77 - -2564?
2663
In base 10, what is -21076 - 5?
-21081
In base 13, what is 56 + 6a3?
729
In base 3, what is 1111 - -101101?
102212
In base 5, what is -1 + -113004402?
-113004403
In base 11, what is 1 - -878656?
878657
In base 11, what is -36174 - -7?
-36168
In base 11, what is 1 + 44772?
44773
In base 6, what is 1 + 1331333?
1331334
In base 8, what is 2766501 + -5?
2766474
In base 15, what is 61 + 467?
4c8
In base 12, what is -17 + -991?
-9a8
In base 7, what is 3 - -405533?
405536
In base 15, what is 29559 + -4?
29555
In base 2, what is 100111010 - 110011?
100000111
In base 9, what is 171155 + 5?
171161
In base 12, what is -1372 - 44?
-13b6
In base 10, what is 1144 - -2632?
3776
In base 12, what is -1 - 2962?
-2963
In base 15, what is e477 + 2?
e479
In base 14, what is -7c5 + -3b?
-822
In base 10, what is 9 - 130?
-121
In base 14, what is -264d + 1?
-264c
In base 3, what is 122122 - -20122?
220021
In base 4, what is 0 + -203022013?
-203022013
In base 2, what is 1000110001010111 - 101?
1000110001010010
In base 8, what is -6 + -22402?
-22410
In base 5, what is -31 - -21210?
21124
In base 4, what is -11 - 12002233?
-12002310
In base 7, what is -43 + 3200?
3124
In base 7, what is -11624 - -3?
-11621
In base 6, what is -513 - -44?
-425
In base 15, what is 19a6 + -3cb?
15ca
In base 11, what is -4 - 110327?
-110330
In base 7, what is 5 + 66423?
66431
In base 11, what is 19a61 + 6?
19a67
In base 9, what is -8671 + 366?
-8304
In base 13, what is 273 - -30?
2a3
In base 2, what is 1100111 - -1000111010?
1010100001
In base 6, what is -31533 + 3242?
-24251
In base 8, what is 13 + 1250606?
1250621
In base 16, what is 731 - -51?
782
In base 7, what is 3163 - 14?
3146
In base 3, what is 2 + -111000121?
-111000112
In base 15, what is -11e2c + -1?
-11e2d
In base 8, what is -24311516 - -1?
-24311515
In base 4, what is -1200230 + 32?
-1200132
In base 9, what is 2468 - -86?
2565
In base 5, what is -10 - -14330233?
14330223
In base 10, what is 9 + -10572?
-10563
In base 15, what is 46 + 3bd6?
3c2c
In base 7, what is -520 - -1343?
523
In base 11, what is -8 + 37262?
37255
In base 15, what is 1d + -203?
-1d5
In base 4, what is -20 - -30331302?
30331222
In base 2, what is 100001101110011100 - 10?
100001101110011010
In base 3, what is 110021 - 1011?
102010
In base 10, what is -1161 + -1?
-1162
In base 3, what is 10101221222 - -1201?
10102000200
In base 12, what is -356 - 3276?
-3610
In base 12, what is -20 + -6b12?
-6b32
In base 11, what is 4379 - -2?
4380
In base 16, what is -4 + 8ed4?
8ed0
In base 7, what is -5 + 130206?
130201
In base 7, what is 1 + -242501?
-242500
In base 2, what is 101 + 1000110100101111?
1000110100110100
In base 15, what is 98bb - -4?
98c0
In base 14, what is 31 - 136?
-105
In base 13, what is -3 + 25231?
2522b
In base 2, what is 1110010101011110 + -110?
1110010101011000
In base 7, what is 301 + -1421?
-1120
In base 8, what is -1357243 + 1?
-1357242
In base 15, what is -2585 - -15?
-2570
In base 15, what is -13b - 6ca3?
-6dde
In base 9, what is 1514822 - -4?
1514826
In base 11, what is -5 - -31614?
3160a
In base 2, what is -1001 + 1100001101100011?
1100001101011010
In base 2, what is -11111 + 1111101000?
1111001001
In base 13, what is -82 + 205?
153
In base 12, what is 6a - 7437?
-7389
In base 3, what is 11112211 - -121220?
12011201
In base 9, what is 405 + 57?
463
In base 9, what is -267 + -44?
-322
In base 2, what is 10101110111010 - 100?
10101110110110
In base 8, what is -35426 + 6?
-35420
In base 7, what is -33163 + -11?
-33204
In base 16, what is -26 + 17ee?
17c8
In base 7, what is 0 - 6342?
-6342
In base 13, what is 26561 - 8?
26556
In base 3, what is 0 + -12121101?
-12121101
In base 9, what is -51 + 100?
38
In base 13, what is -1 - -9600?
95cc
In base 5, what is 2320000 + 4?
2320004
In base 14, what is 7 + -a07b?
-a074
In base 14, what is -6d - -c25?
b96
In base 5, what is 122433 - 411?
122022
In base 3, what is 12001 + -1111201200?
-1111112122
In base 3, what is -2022 - -1222112?
1220020
In base 14, what is -1c17c - 1a?
-1c198
In base 2, what is 1111101110111100 + -1010?
1111101110110010
In base 9, what is -70 + -3683?
-3763
In base 4, what is 0 - 2230033?
-2230033
In base 9, what is -8 - 5552?
-5561
In base 16, what is -7 - 26b0?
-26b7
In base 10, what is -94291 - -1?
-94290
In base 10, what is 747 - -53?
800
In base 4, what is 1020130 + 3220?
1030010
In base 9, what is 3 - 1108?
-1105
In base 9, what is 3 + 11401?
11404
In base 6, what is 1104443 - 15?
1104424
In base 3, what is -111221 + -1101220?
-1220211
In base 5, what is 2 + 2011012?
2011014
In base 13, what is 389 - -1121?
14aa
In base 7, what is -11446 + 1?
-11445
In base 9, what is -480837 - 2?
-480840
In base 12, what is -4660 + -3?
-4663
In base 10, what is -7331 - 6?
-7337
In base 11, what is -7 + 34002?
33aa6
In base 14, what is -5 - -dba?
db5
In base 5, what is -1403 - 10041?
-11444
In base 7, what is -3454 - -266?
-3155
In base 9, what is -473344 + 5?
-473338
In base 14, what is -32c10 + -28?
-32c38
In base 9, what is 5 + -12612?
-12606
In base 9, what is 23 + 577?
611
In base 9, what is 53 + -4257?
-4204
In base 14, what is c925 + 1?
c926
In base 16, what is -663e + -2?
-6640
In base 11, what is 466 - 239?
228
In base 7, what is 3 - 1343?
-1340
In base 8, what is 10 - 20751?
-20741
In base 13, what is 4388b - 1?
4388a
In base 13, what is 5 + -23a23?
-23a1b
In base 12, what is -324b5 - 10?
-32505
In base 16, what is 4 - a317?
-a313
In base 6, what is -4213 - 30050?
-34303
In base 2, what is 100101 + 11110001110010?
11110010010111
In base 10, what is 29 - 7339?
-7310
In base 9, what is -413 + -173?
-586
In base 4, what is -1101023 - 111?
-1101200
In base 5, what is 303 - 43401?
-43043
In base 7, what is -2 + 2233032?
2233030
In base 2, what is 1011 + 10110011001?
10110100100
In base 12, what is 30384 - -93?
30457
In base 7, what is 4 - -540146?
540153
In base 12, what is -166a + -4?
-1672
In base 12, what is 112030 + 1?
112031
In base 7, what is 0 - 152563?
-152563
In base 9, what is -85 + 5615?
5520
In base 12, what is 4 + -78464?
-78460
In base 5, what is 101 - -322012?
322113
In base 7, what is -16211 - -135?
-16043
In base 4, what is 30 + -31131?
-31101
In base 9, what is -42 + -4660?
-4712
In base 6, what is 542140 - 2?
542134
In base 3, what is -110201 - -21022122?
20211221
In base 16, what is 55dc - -2?
55de
In base 5, what is -2412 - -233410?
230443
In base 9, what is 5 - 138723?
-138717
In base 10, what is -511 - 2274?
-2785
In base 4, what is -230 + 203232?
203002
In base 15, what is -4 - 926a?
-926e
In base 6, what is -221 + 23223?
23002
In base 5, what is 10 - -114413?
114423
In base 5, what is 2140103 - 0?
2140103
In base 12, what is 544 - -1a1?
725
In base 15, what is -6e1 + 9?
-6d7
In base 7, what is 26 - 1213?
-1154
In base 9, what is 1 + 45386?
45387
In base 16, what is -37403 + 0?
-37403
In base 14, what is -2a1 + -167a?
-193b
In base 4, what is -10303 - 1223?
-12132
In base 4, what is 33100132 - 10?
33100122
In base 5, what is 40112440 + -1?
40112434
In base 16, what is 36c4 - -17?
36db
In base 6, what is 552515 - -3?
552522
In base 4, what is 10130210 + 1?
10130211
In base 7, what is 23 + 3610?
3633
In base 14, what is -4 + -20196?
-2019a
In base 12, what is 102989 + -7?
102982
In base 14, what is 1 + 177c?
177d
In base 12, what is 264 - -40aa?
4352
In base 13, what is 199678 - 0?
199678
In base 3, what is 2 - 2220002201?
-2220002122
In base 11, what is 395 - -1714?
1aa9
In base 9, what is -168 + -3882?
-4161
In base 16, what is -d9d5 + 2?
-d9d3
In base 14, what is 1308bb + -1?
1308ba
In base 11, what is -1 + 41193?
41192
In base 6, what is 5 - 31310410?
-31310401
In base 4, what is -123011 + 13212?
-103133
In base 13, what is -70c8 - -5?
-70c3
In base 12, what is 64 - -40b?
473
In base 6, what is -5042 - -323?
-4315
In base 3, what is -211110211 - -10?
-211110201
In base 9, what is -504 - 423?
-1027
In base 9, what is 2 - 23325?
-23323
In base 9, what is 667514 + 6?
667521
In base 3, what is 12221211 + -1100?
12220111
In base 3, what is -22112000 + -211?
-22112211
In base 16, what is -141 - -27df?
269e
